
True
Is 4027327987 a composite number?
True
Is 8293774017 a composite number?
True
Is 1357235799 composite?
True
Is 1974024329 prime?
True
Is 2463574657 composite?
True
Is 2940835717 prime?
True
Is 36002557603 prime?
True
Is 3875383847 prime?
True
Is 4366539911 prime?
True
Is 3424360163 prime?
False
Is 31877538307 a composite number?
False
Is 5415880493 prime?
False
Is 190072357 a composite number?
True
Is 52915897 prime?
False
Is 23067319453 a prime number?
False
Is 5249146759 composite?
True
Is 776932511 a composite number?
False
Is 11258823829 prime?
False
Is 20335621417 a prime number?
False
Is 7813443961 composite?
False
Is 8163821671 composite?
True
Is 2608030123 composite?
False
Is 15887357 a composite number?
True
Is 9282657961 a composite number?
False
Is 37526194163 prime?
False
Is 48106901 a composite number?
False
Is 1721494199 prime?
True
Is 2568310027 prime?
True
Is 19706569153 prime?
False
Is 154163479891 a composite number?
False
Is 3417131591 composite?
False
Is 3153207037 prime?
True
Is 1205220923 a composite number?
False
Is 4346158 composite?
True
Is 65109830353 a composite number?
True
Is 14854612313 prime?
True
Is 4625655181 a prime number?
False
Is 221453327 composite?
False
Is 4408821895 prime?
False
Is 47937793 a composite number?
True
Is 127137277 a prime number?
True
Is 5670149 a prime number?
True
Is 15211471249 composite?
True
Is 3852562523 a composite number?
False
Is 126646071809 a prime number?
True
Is 70013289439 a composite number?
False
Is 52702219643 a composite number?
False
Is 9660378082 a composite number?
True
Is 2400528583 a composite number?
False
Is 9002755 prime?
False
Is 1531636903 a composite number?
False
Is 616164533 a composite number?
True
Is 3496678259 a prime number?
True
Is 114733771379 composite?
False
Is 1106415799 composite?
False
Is 221010203 a prime number?
False
Is 8828578511 a composite number?
False
Is 158714682437 a prime number?
False
Is 1597937587 a composite number?
True
Is 451269647 composite?
True
Is 3194041393 prime?
True
Is 7916979643 a composite number?
False
Is 6163045747 a prime number?
True
Is 266022551 a composite number?
True
Is 62327888387 composite?
False
Is 1978322707 composite?
True
Is 235994183 composite?
False
Is 2839699189 a prime number?
True
Is 10499549633 a prime number?
True
Is 680670173 composite?
True
Is 136585909 composite?
False
Is 12550846723 prime?
True
Is 37635975583 a prime number?
False
Is 316524371 a prime number?
True
Is 3458607353 prime?
True
Is 30579763087 composite?
False
Is 1477006561 prime?
True
Is 4416969397 a composite number?
True
Is 6405171901 composite?
False
Is 713894653 a composite number?
True
Is 2206759853 prime?
False
Is 64704186499 a prime number?
True
Is 527649547 a prime number?
True
Is 1346002033 prime?
True
Is 24499500889 prime?
False
Is 29340725287 composite?
True
Is 223041859 a composite number?
True
Is 2328117257 a composite number?
True
Is 334309513 a prime number?
True
Is 22180359463 prime?
False
Is 14046985177 a composite number?
True
Is 948372097 prime?
True
Is 54341946821 a composite number?
False
Is 18835633 prime?
False
Is 727175647 composite?
True
Is 21018126106 composite?
True
Is 557087659 a composite number?
True
Is 16856186819 composite?
True
Is 1133838901 a prime number?
False
Is 20320066451 a prime number?
True
Is 1237044245 a prime number?
False
Is 21515018393 composite?
True
Is 9159390151 composite?
False
Is 514179313 prime?
False
Is 1849870307 a composite number?
True
Is 180993931633 composite?
True
Is 668889841 a composite number?
True
Is 59759230357 a prime number?
False
Is 1254985219 composite?
False
Is 1399398137 a composite number?
False
Is 10119444613 a composite number?
False
Is 101154285461 a composite number?
True
Is 30464639069 prime?
True
Is 2378421361 a composite number?
True
Is 1423652323 prime?
True
Is 3273423962 prime?
False
Is 14943671737 prime?
False
Is 18532537627 a composite number?
True
Is 3253271993 composite?
True
Is 7369734793 composite?
True
Is 480493511 composite?
False
Is 425603227 prime?
False
Is 3442384433 prime?
False
Is 9869486189 a composite number?
True
Is 791632123 prime?
False
Is 83510368167 prime?
False
Is 1908228149 a composite number?
True
Is 9898128079 a prime number?
False
Is 2722502633 prime?
True
Is 11211688507 prime?
False
Is 12035002867 composite?
False
Is 673750463 prime?
True
Is 19011968677 prime?
False
Is 10162334327 a prime number?
False
Is 6939969779 a composite number?
False
Is 17750344459 prime?
True
Is 13156427321 prime?
True
Is 526371529 a composite number?
False
Is 9808519829 a composite number?
False
Is 7743149671 prime?
True
Is 539063365 a prime number?
False
Is 4922561281 a composite number?
True
Is 222865187 prime?
False
Is 11242432049 a composite number?
True
Is 337362029 composite?
True
Is 24219540349 composite?
False
Is 69077723263 a prime number?
True
Is 4513172507 composite?
True
Is 12978632449 a composite number?
True
Is 11622013213 composite?
False
Is 3327252647 prime?
False
Is 6725928851 prime?
True
Is 1043244805 a composite number?
True
Is 1350910549 a composite number?
True
Is 9428582593 composite?
True
Is 29735821 a prime number?
False
Is 108989921 a prime number?
True
Is 4306077317 a prime number?
False
Is 16577267 prime?
False
Is 312837649307 a composite number?
False
Is 98187439429 a composite number?
False
Is 455233751 composite?
True
Is 467585031 a prime number?
False
Is 30672922477 a composite number?
True
Is 9310602401 prime?
False
Is 486445547 a prime number?
False
Is 23405082689 a prime number?
True
Is 1567537793 composite?
False
Is 3474091267 composite?
False
Is 1638269597 a prime number?
True
Is 96473746351 composite?
False
Is 19135892113 prime?
False
Is 13238829431 composite?
False
Is 2558031299 composite?
False
Is 105239140901 prime?
True
Is 36923612347 prime?
True
Is 11667545941 prime?
True
Is 6585206735 composite?
True
Is 6242750083 composite?
False
Is 17466132371 prime?
True
Is 3734692327 a composite number?
True
Is 164553437 composite?
False
Is 804746687 a composite number?
False
Is 1577758969 composite?
False
Is 75957175321 a composite number?
False
Is 1086126014 a prime number?
False
Is 1836104551 a prime number?
False
Is 25030713299 composite?
False
Is 5248280074 a prime number?
False
Is 4663226993 a composite number?
False
Is 1429545517 a prime number?
False
Is 4152980477 a composite number?
False
Is 1370722027 a prime number?
True
Is 151726693 prime?
False
Is 253895371 composite?
True
Is 156038675411 a prime number?
True
Is 11215079 a prime number?
True
Is 24176711921 a composite number?
False
Is 43999176961 composite?
False
Is 575026043 composite?
True
Is 126495149 a prime number?
False
Is 295891012507 composite?
False
Is 2308763803 composite?
False
Is 5968427479 a prime number?
False
Is 396619213 composite?
True
Is 35286331321 prime?
True
Is 225140397 a prime number?
False
Is 2517456658 a composite number?
True
Is 130469959 composite?
False
Is 1574788450247 a composite number?
False
Is 478944721 prime?
True
Is 272602615 a prime number?
False
Is 2603104523 prime?
True
Is 107160845111 composite?
True
Is 45114515267 composite?
False
Is 1406532907 a composite number?
True
Is 4656132779 prime?
True
Is 4503672947 a composite number?
False
Is 34669018693 composite?
False
Is 14276071213 composite?
False
Is 331026079 a prime number?
False
Is 71371667699 a composite number?
False
Is 125259373 composite?
False
Is 35705477 a composite number?
True
Is 3154205291 prime?
False
Is 575228419 a prime number?
True
Is 26484157321 a prime number?
False
Is 6665985077 composite?
False
Is 281928036367 a composite number?
False
Is 1055234683 a composite number?
True
Is 2100362543 a composite number?
True
Is 3462137089 a composite number?
False
Is 5764682527 prime?
False
Is 18169534579 prime?
False
Is 945547679 a prime number?
True
Is 14127165859 a prime number?
False
Is 2167548431 composite?
True
Is 121602389 composite?
True
Is 567378023 a prime number?
False
Is 169438373309 prime?
True
Is 4440869491 a composite number?
False
Is 2942547551 a composite number?
False
Is 832050887 prime?
False
Is 2816225213 composite?
False
Is 2971759051 composite?
False
Is 3535382411 composite?
True
Is 61654151863 prime?
True
Is 662297179 a prime number?
Tr